+ 12. Let m(u) = -u**2 + 6*u - 5. Let v be m(w). Let d(n) = n**3 - 3*n**2 - 4*n - 2. Give d(v).
-2
Let s(q) = -q**3 - 21*q**2 - 23*q - 42. Let b be s(-20). Let g(u) = -b*u**3 + 1 + 29*u**3 - 2 - 12*u**3. Give g(-1).
0
Suppose 2*t + 23 = 27. Suppose 0*m = 3*o - 2*m + t, -5*o = -4*m + 4. Let v(l) = -l - 21. Calculate v(o).
-21
Let w(c) = 4*c**2 + 1 + 3*c + c**3 - 3 + 3. Let u be w(-3). Let k(o) = 11*o**3 - 1. What is k(u)?
10
Let p(o) = o**3 + 9*o**2 + 14*o. Let g be (93 + -79)*(-2)/4. What is p(g)?
0
Let a(h) = -11 + 1 + 0*h**2 + h**2 + 11 + h - 8*h. Give a(5).
-9
Let r be 2*4/(32/12). Let v(w) = 1 + 6*w - r + 2. Suppose -3*t - 2 = -2*t. Give v(t).
-12
Let r(l) = -l**2 - 1. Let a(h) = -11*h**2 - h - 3. Let i be 18/(-6) + 0/(-2). Let g be 28/(-12) - 1/i. Let b(y) = g*r(y) + a(y). What is b(-1)?
-9
Let m(u) = -11*u + 7. Suppose -70*w = -74*w + 12. What is m(w)?
-26
Let o(s) = 2*s**3 - 30*s**2 - 6*s**3 + 14*s**2 + 7*s + 3*s**3 + 12*s**2 + 9. Determine o(-5).
-1
Let z(x) be the third derivative of x**6/120 - 3*x**5/20 + x**4/12 - 2*x**3/3 - 2*x**2 + 17. What is z(9)?
14
Let m(o) = o**2 - 25*o + 27*o - o**3 - 1 - 1 + 0. Determine m(1).
0
Let n(t) = 2*t + 0*t + 4 - t + 6 - 4*t. Calculate n(3).
1
Let x(m) = m**2 + 19*m - 40. Let b = -42 - -21. Let w be x(b). Let a(r) = r**2 + 2*r - 3. Calculate a(w).
5
Let z be 1/10*-6*-5. Let x(m) = -3*m + 2 - z*m**2 + 8*m - 9*m**3 - 3*m**3 + 11*m**3. Give x(-4).
-2
Let w(n) = -n**3 - 13*n**2 - 11*n + 14. Suppose 430 - 10 = -35*b. Calculate w(b).
2
Suppose -13*g - 2 = -14*g. Let l(x) = -2*x**3 + 3*x**2 - 2*x + 3. Calculate l(g).
-5
Suppose -10 = -2*g, 4*n = 5*g + 20 + 3. Suppose -9*r = -n*r - 12. Let h(b) = -b**3 - 4*b**2 + 4*b + 3. Calculate h(r).
-13
Let b(j) be the second derivative of -j**4/24 - j**3/2 + j**2 + 3*j. Let x(v) be the first derivative of b(v). Suppose -7*f = -3*f + 28. What is x(f)?
4
Let g(w) be the first derivative of 8*w**4 - w**3/3 + 111. Determine g(-1).
-33
Let p be 0/(4 + (-1 - (3 + 1))). Let x be 2 - (2 - (-1 + 3)). Let t(r) = -3 - r**x + 3*r - 2*r + 8. What is t(p)?
5
Let k(l) be the second derivative of -3/2*l**2 + 1/12*l**4 + 0 + 46*l + 1/6*l**3. Calculate k(4).
17
Let b(f) = f**3 - 4*f**2 + 4. Let w = 104 + -44. Let l be 9*5/w*4. Give b(l).
-5
Let n(x) = -3*x + 23. Let b be n(11). Let t = 15 + b. Let p(i) = -t*i - i + 6*i - i - 4. Calculate p(-5).
1
Let l(h) = 35 - 74 + 40 - 6*h**2 + 3*h. Determine l(-3).
-62
Let l(s) = s**2 + 6*s + 6. Let b(f) = f**3 - 3*f**2 - 13. Let n be b(4). Suppose -18 = -0*i + n*i. What is l(i)?
6
Let h = -21 + 16. Let c(o) = -2*o**2 - 2*o + 3. Calculate c(h).
-37
Let v(l) = -5 + 6*l + 18 - 3*l. Give v(-6).
-5
Let d(a) = a**2 + 12*a - 4. Let b be d(-9). Let f = 36 + b. Let o(p) = -p + 3. What is o(f)?
-2
Let b(m) = -3*m**2 - 3 + 0*m**2 + 0 - m**2 + 7*m. Let z(c) = -3*c**2 + 7*c - 2. Let p(i) = 4*b(i) - 5*z(i). What is p(-5)?
8
Let f = 21 + 28. Suppose 2*t - f = -5*u, -5*t = -u + 2 - 3. Suppose 0 = -0*q - 3*q - u. Let m(i) = -i**3 - 5*i**2 - 3*i + 2. Calculate m(q).
-7
Let h be 4 + ((-24)/(-78))/((-10)/(-65)). Let w(u) = -u**2 + 8*u - 6. Determine w(h).
6
Let c = 22 + -17. Suppose -y + c*y = -36. Let f be y/(-6) + 7/(-2). Let j(h) = -3*h**2 - 4*h - 3. Calculate j(f).
-7
Let r = 18 + -24. Let n(q) = -65 + 136 - q - 63 - q**2. Calculate n(r).
-22
Let q(y) = 2*y**3 - 13*y**2 - 6*y - 6. Let b be (-5)/2 - (-5 + 72/(-16)). Calculate q(b).
1
Let w(c) be the first derivative of -c**2 + 15*c - 356. What is w(10)?
-5
Let o(u) = -266*u - 4 + 532*u - 264*u. Calculate o(-4).
-12
Suppose -y + 3*y = -6. Suppose 0 = -2*s + a + 1, -5*s + 7*s + 3*a = 13. Let h(u) = 2*u - 12*u - s + 9*u. Determine h(y).
1
Suppose 3*n - 64 = -52. Let k(o) = -o**2 + 2*o**2 - 4 - o + 0*o**2. Give k(n).
8
Let f(p) = 2*p + 7. Suppose z - 4 = -0*z. Let l be -9*z/4 - -3. Calculate f(l).
-5
Suppose 0*y - 5*y = 0. Let g = 0 + y. Let x(w) = 2*w + 4*w - w**2 + g*w**2 + 6. What is x(5)?
11
Let z be 30/22 + (-60)/165. Let p(q) = 2*q**2 - 2*q + 1. Calculate p(z).
1
Let l = -1047 - -1044. Let w(f) = f**3 + 3. What is w(l)?
-24
Let j(l) = l**2 - 35*l - 204. Let p be j(40). Let w(z) = z**3 + 6*z**2 + 7*z + 5. Determine w(p).
9
Let t(w) = -w - 20. Let k be 0/3*1*(-1)/2. Determine t(k).
-20
Let v = -158 + 143. Let b(m) = m**2 + 17*m + 31. Give b(v).
1
Let v(n) be the first derivative of n**4/4 + 2*n**3 + 2*n**2 - n - 61. Give v(-5).
4
Let d(v) = v + 2. Let m(z) = z**2 + 3*z - 33. Let a(j) = 3*d(j) - m(j). Let t(u) be the first derivative of a(u). Let p be 0 - (0/2 - -2). Calculate t(p).
4
Let w(g) = g**3 + 3*g**2 + 2*g. Let v(u) be the third derivative of -u**5/60 + u**4/24 - u**3/2 + 20*u**2. Let r be v(0). Give w(r).
-6
Let z(l) = -3*l**3 + l**2 - l + 1. Suppose -12*c + 8*c + 8 = 0. Suppose 4*i = c*i + 2. Determine z(i).
-2
Suppose 0*k + 24 = -4*k. Let c(n) = -9 - 4*n**3 + 5*n**2 + 5*n**3 - 66*n - 63*n + 4 + 122*n. Calculate c(k).
1
Let k(f) be the first derivative of f**3/3 - 13*f**2/2 - 5*f - 101. Let h be -1 + 13*1 + 1. Let d be k(h). Let u(v) = -2*v - 4. What is u(d)?
6
Let w = 5 - 11. Let u be (-55)/(-15) + (-2)/w. Let v(d) be the first derivative of d**3/3 - d**2 - 3*d - 8. Calculate v(u).
5
Suppose -5*k - 3 = 7. Let f be (-19)/(-2 - (-3 - k)). Suppose -4*y - f = -i, 0*i = y - 4*i - 14. Let q(w) = w - 2. Give q(y).
-8
Suppose -5*d + 3*h + 0*h = -11, h = 3. Let r = d + -6. Let j(a) = -5*a - 1. What is j(r)?
9
Let q = -380 + 196. Let f = q - -190. Let h(j) = 5*j**2 + 8*j - 12. Let c(u) = -14*u**2 - 24*u + 35. Let p(a) = 6*c(a) + 17*h(a). Determine p(f).
-6
Let w(u) be the first derivative of 10 - 5*u**2 - 6*u + 14*u + 6*u**2. What is w(-8)?
-8
Let x be 2*1*(-22)/(-4). Let b = 13 - x. Suppose 5*v - 2*v = 4*y - b, -5*v - 3*y = 42. Let o(w) = w**2 + 7*w - 2. What is o(v)?
-8
Let t(x) = -4*x**3 + 7*x**2 + 14*x + 7. Let k(f) = -9*f**3 + 13*f**2 + 29*f + 14. Let d(v) = 3*k(v) - 7*t(v). Calculate d(11).
-7
Let a be (8/(-3) + 3)*6. Let c be 24/4*3/a. Let s = -4 + c. Let t(d) = -d + 3. What is t(s)?
-2
Let d(p) be the first derivative of -p**3/3 + 9*p**2/2 - p + 8. Let r be d(8). Let g(z) = z**2 - 7*z. Determine g(r).
0
Let r(z) be the first derivative of -z**2/2 - 3*z - 6. Determine r(2).
-5
Let l(g) = 3*g**3 - 40*g**2 - 13*g + 32. Let d(h) = -2*h**3 + 26*h**2 + 8*h - 21. Let j(v) = -8*d(v) - 5*l(v). Determine j(8).
16
Let a(t) = t + 10. Suppose -v + g - 4 = 0, -v + 2 = -5*g - 6. Give a(v).
3
Let r(j) = -160 + 78*j**2 - 77*j**2 + 158. Determine r(0).
-2
Let s(n) = 0 + 1 - 1 - 3*n + 1. Suppose 5*r = 204 - 214. Determine s(r).
7
Let h(k) = -k**2 - 10*k - 8. Suppose -b = 5, -q = -2*b + b + 6. Let v = q - -3. Give h(v).
8
Let d(t) be the second derivative of -t**5/20 + t**4/12 + t**3/2 - 2*t**2 + 10*t. Let l be d(2). Let n(q) = -3*q + 1. Give n(l).
7
Suppose 3*b + k + 0*k = 1, 0 = -5*b + 5*k + 35. Let f(w) = -3 - b + 7 + w. Give f(-6).
-4
Let o be (-40)/(-12)*18/10. Let n = o + -2. Let j(f) = -3*f**3 - 2*f**2 - 2*f + 1. Let w(s) = 4*s**3 + 2*s**2 + s. Let a(t) = 5*j(t) + 4*w(t). Calculate a(n).
13
Let f(c) = c**2 - 8*c + 7. Let o = -38 + -3. Let j = o - -49. What is f(j)?
7
Let j(w) = 2*w - 3. Let b(o) = -2*o**2 - 2*o. Let u be b(-2). Let g be (-2*1)/(u/6). What is j(g)?
3
Let u(g) = -9*g - 3*g + 26*g + 3 - 9*g - 2*g. Give u(-5).
-12
Suppose -15 + 36 = 3*j. Suppose -2*o + f = j, 0*o - 10 = -o - 4*f. Let m(v) = 7*v - 3. Let p(c) = 6*c - 2. Let d(i) = -3*m(i) + 4*p(i). Calculate d(o).
-5
Let k(d) be the third derivative of -1/12*d**5 + 9*d**2 + 0 + 0*d**3 - 1/6*d**4 + 0*d - 1/120*d**6. Give k(-4).
0
Suppose 7*j - 25 - 52 = 0. Let q(s) = -7*s + 4. Let r(o) = -o - 1. Let t(h) = -q(h) + 6*r(h). What is t(j)?
1
Let z(a) be the first derivative of a**4/4 + 4*a**3/3 - a**2/2 - 13*a + 348. Determine z(-4).
-9
Let h = 73 + -144. Let j = -79 - h. Let x(v) = -v - 6. Determine x(j).
2
Let h(f) be the second derivative of -2*f**2 + 0 + 1/3*f**3 - 2*f. Let z be 5 + -1*(-4)/(-2). Give h(z).
2
Let b(p) = -p**2 - p + 2. Let n(i) = 4*i**2 + 6*i - 4. Suppose 5*u - 2*l + 9 = 2, -2*l - 11 = u. Let x(z) = u*b(z) - n(z). Determine x(-2).
0
Let v = -389 + 385. Let q(a) = -a**2 + a. Let f be 1*(-2)/4*2. Let n(o) = -o**3 - 7*o**2 + 2*o - 1. Let p(k) = f*n(k) + 3*q(k). Determine p(v).
-3
Let s(p) = p**2 + 3*p + 1. Let i = 276 - 279. Give s(i).
1
